 101
What are the prime factors of 29141?
7, 23, 181
List the prime factors of 1256.
2, 157
What are the prime factors of 3948?
2, 3, 7, 47
What are the prime factors of 36110?
2, 5, 23, 157
List the prime factors of 9390.
2, 3, 5, 313
List the prime factors of 6846.
2, 3, 7, 163
What are the prime factors of 12120?
2, 3, 5, 101
List the prime factors of 81052.
2, 23, 881
List the prime factors of 935.
5, 11, 17
What are the prime factors of 2733?
3, 911
List the prime factors of 403.
13, 31
List the prime factors of 14316.
2, 3, 1193
List the prime factors of 30634.
2, 17, 53
What are the prime factors of 1830?
2, 3, 5, 61
List the prime factors of 93.
3, 31
List the prime factors of 10736.
2, 11, 61
What are the prime factors of 1274?
2, 7, 13
What are the prime factors of 48668?
2, 23
List the prime factors of 13481.
13, 17, 61
What are the prime factors of 39764?
2, 9941
List the prime factors of 9543.
3, 3181
List the prime factors of 3277.
29, 113
List the prime factors of 3274.
2, 1637
What are the prime factors of 5428?
2, 23, 59
What are the prime factors of 809?
809
List the prime factors of 3325.
5, 7, 19
What are the prime factors of 1903?
11, 173
What are the prime factors of 668?
2, 167
List the prime factors of 29253.
3, 7, 199
What are the prime factors of 55210?
2, 5, 5521
What are the prime factors of 51810?
2, 3, 5, 11, 157
What are the prime factors of 1064?
2, 7, 19
List the prime factors of 223.
223
List the prime factors of 892.
2, 223
What are the prime factors of 241?
241
What are the prime factors of 46850?
2, 5, 937
List the prime factors of 1444.
2, 19
List the prime factors of 101813.
17, 53, 113
What are the prime factors of 452?
2, 113
What are the prime factors of 776?
2, 97
List the prime factors of 24378.
2, 3, 17, 239
What are the prime factors of 992?
2, 31
What are the prime factors of 264?
2, 3, 11
What are the prime factors of 22849?
73, 313
What are the prime factors of 2537?
43, 59
List the prime factors of 2737.
7, 17, 23
What are the prime factors of 4510?
2, 5, 11, 41
List the prime factors of 228.
2, 3, 19
What are the prime factors of 44564?
2, 13, 857
List the prime factors of 56.
2, 7
What are the prime factors of 12110?
2, 5, 7, 173
What are the prime factors of 201?
3, 67
What are the prime factors of 506?
2, 11, 23
List the prime factors of 17703.
3, 7, 281
What are the prime factors of 2627?
37, 71
What are the prime factors of 1790?
2, 5, 179
List the prime factors of 40770.
2, 3, 5, 151
List the prime factors of 2678.
2, 13, 103
What are the prime factors of 1001?
7, 11, 13
List the prime factors of 5352.
2, 3, 223
List the prime factors of 383.
383
What are the prime factors of 48953?
48953
What are the prime factors of 2912?
2, 7, 13
List the prime factors of 112263.
3, 23, 1627
What are the prime factors of 151603?
151603
What are the prime factors of 5094?
2, 3, 283
List the prime factors of 4322.
2, 2161
List the prime factors of 352.
2, 11
List the prime factors of 4906.
2, 11, 223
What are the prime factors of 2383?
2383
What are the prime factors of 49603?
49603
What are the prime factors of 91554?
2, 3, 15259
What are the prime factors of 6505?
5, 1301
What are the prime factors of 11405?
5, 2281
List the prime factors of 49932.
2, 3, 19, 73
List the prime factors of 23235.
3, 5, 1549
What are the prime factors of 3426?
2, 3, 571
What are the prime factors of 64852?
2, 31, 523
List the prime factors of 19015.
5, 3803
What are the prime factors of 17037?
3, 631
What are the prime factors of 75599?
17, 4447
What are the prime factors of 8766?
2, 3, 487
List the prime factors of 1074.
2, 3, 179
List the prime factors of 2262.
2, 3, 13, 29
List the prime factors of 869.
11, 79
List the prime factors of 4191.
3, 11, 127
List the prime factors of 163929.
3, 53, 1031
List the prime factors of 3745.
5, 7, 107
What are the prime factors of 95173?
13, 7321
List the prime factors of 62434.
2, 19, 31, 53
List the prime factors of 3868.
2, 967
What are the prime factors of 27046?
2, 13523
List the prime factors of 139683.
3, 101, 461
List the prime factors of 19507.
19507
List the prime factors of 901.
17, 53
What are the prime factors of 62880?
2, 3, 5, 131
List the prime factors of 16789.
103, 163
What are the prime factors of 230?
2, 5, 23
What are the prime factors of 39679?
39679
List the prime factors of 6795.
3, 5, 151
List the prime factors of 391.
17, 23
List the prime factors of 57962.
2, 73, 397
What are the prime factors of 19693?
47, 419
What are the prime factors of 41291?
157, 263
What are the prime factors of 8419?
8419
What are the prime factors of 368?
2, 23
What are the prime factors of 1918?
2, 7, 137
What are the prime factors of 16117?
71, 227
List the prime factors of 26770.
2, 5, 2677
List the prime factors of 53706.
2, 3, 8951
List the prime factors of 1799.
7, 257
What are the prime factors of 808?
2, 101
What are the prime factors of 1943?
29, 67
List the prime factors of 31134.
2, 3, 5189
List the prime factors of 39683.
7, 5669
What are the prime factors of 41882?
2, 43, 487
What are the prime factors of 42231?
3, 7, 2011
List the prime factors of 1311.
3, 19, 23
What are the prime factors of 3850?
2, 5, 7, 11
List the prime factors of 6709.
6709
What are the prime factors of 56025?
3, 5, 83
List the prime factors of 54315.
3, 5, 17, 71
List the prime factors of 13317.
3, 23, 193
List the prime factors of 13.
13
List the prime factors of 41606.
2, 71, 293
What are the prime factors of 113960?
2, 5, 7, 11, 37
List the prime factors of 69906.
2, 3, 61, 191
List the prime factors of 145694.
2, 97, 751
What are the prime factors of 17588?
2, 4397
What are the prime factors of 3225?
3, 5, 43
List the prime factors of 102558.
2, 3, 17093
What are the prime factors of 2145?
3, 5, 11, 13
What are the prime factors of 11494?
2, 7, 821
What are the prime factors of 6323?
6323
List the prime factors of 431.
431
List the prime factors of 17849.
13, 1373
List the prime factors of 183.
3, 61
What are the prime factors of 4976?
2, 311
List the prime factors of 133.
7, 19
What are the prime factors of 1092?
2, 3, 7, 13
List the prime factors of 1193.
1193
What are the prime factors of 62584?
2, 7823
What are the prime factors of 7766?
2, 11, 353
What are the prime factors of 286?
2, 11, 13
What are the prime factors of 1184?
2, 37
What are the prime factors of 63259?
7, 1291
What are the prime factors of 124300?
2, 5, 11, 113
What are the prime factors of 1456?
2, 7, 13
List the prime factors of 1593.
3, 59
What are the prime factors of 3605?
5, 7, 103
What are the prime factors of 480?
2, 3, 5
What are the prime factors of 1141?
7, 163
What are the prime factors of 645?
3, 5, 43
What are the prime factors of 1898?
2, 13, 73
What are the prime factors of 1098?
2, 3, 61
What are the prime factors of 14358?
2, 3, 2393
List the prime factors of 1878.
2, 3, 313
What are the prime factors of 83365?
5, 16673
List the prime factors of 16225.
5, 11, 59
What are the prime factors of 30508?
2, 29, 263
List the prime factors of 27345.
3, 5, 1823
List the prime factors of 2068.
2, 11, 47
List the prime factors of 10805.
5, 2161
List the prime factors of 2169.
3, 241
List the prime factors of 5708.
2, 1427
What are the prime factors of 5911?
23, 257
List the prime factors of 772.
2, 193
What are the prime factors of 3762?
2, 3, 11, 19
List the prime factors of 47903.
47903
What are the prime factors of 1130?
2, 5, 113
List the prime factors of 1830.
2, 3, 5, 61
What are the prime factors of 177018?
2, 3, 163, 181
List the prime factors of 9205.
5, 7, 263
What are the prime factors of 28874?
2, 14437
What are the prime factors of 27773?
27773
What are the prime factors of 25170?
2, 3, 5, 839
List the prime factors of 375.
3, 5
List the prime factors of 8237.
8237
What are the prime factors of 52130?
2, 5, 13, 401
List the prime factors of 20912.
2, 1307
What are the prime factors of 3690?
2, 3, 5, 41
List the prime factors of 1932.
2, 3, 7, 23
List the prime factors of 2401.
7
List the prime factors of 50317.
67, 751
List the prime factors of 76372.
2, 61, 313
What are the prime factors of 59632?
2, 3727
List the prime factors of 58246.
2, 29123
List the prime factors of 63.
3, 7
What are t